, 39883
List the prime factors of 574193.
61, 9413
What are the prime factors of 3260028?
2, 3, 317, 857
What are the prime factors of 24707?
31, 797
List the prime factors of 12243.
3, 7, 11, 53
What are the prime factors of 1229205?
3, 5, 19, 227
List the prime factors of 244588.
2, 47, 1301
List the prime factors of 13838893.
23, 97, 6203
What are the prime factors of 104212?
2, 26053
What are the prime factors of 254150?
2, 5, 13, 17, 23
What are the prime factors of 140141?
353, 397
List the prime factors of 1849063.
1849063
List the prime factors of 169797.
3, 56599
What are the prime factors of 372869?
7, 53267
List the prime factors of 939680.
2, 5, 7, 839
List the prime factors of 227423.
7, 53, 613
List the prime factors of 862064.
2, 7, 43, 179
List the prime factors of 13840575.
3, 5, 7, 41, 643
List the prime factors of 210525.
3, 5, 7, 401
What are the prime factors of 873226?
2, 73, 5981
List the prime factors of 4123103.
89, 46327
List the prime factors of 19606325.
5, 653, 1201
List the prime factors of 99675.
3, 5, 443
What are the prime factors of 127846?
2, 97, 659
List the prime factors of 369527.
449, 823
List the prime factors of 6770288.
2, 7, 60449
List the prime factors of 286532.
2, 71633
What are the prime factors of 1960694?
2, 503, 1949
List the prime factors of 5810423.
31, 187433
What are the prime factors of 321827?
11, 17, 1721
List the prime factors of 1438132.
2, 17, 21149
What are the prime factors of 6800118?
2, 3, 13, 87181
List the prime factors of 262352.
2, 19, 863
What are the prime factors of 32687346?
2, 3, 593, 9187
List the prime factors of 104918.
2, 11, 19, 251
List the prime factors of 1998.
2, 3, 37
What are the prime factors of 1655362?
2, 827681
List the prime factors of 5640384.
2, 3, 29, 1013
What are the prime factors of 29165?
5, 19, 307
What are the prime factors of 8390569?
11, 762779
List the prime factors of 2489572.
2, 223, 2791
What are the prime factors of 1818027?
3, 79, 2557
List the prime factors of 2048400.
2, 3, 5, 569
What are the prime factors of 15928976?
2, 7, 142223
List the prime factors of 261508.
2, 13, 47, 107
What are the prime factors of 543261?
3, 181087
What are the prime factors of 85732?
2, 21433
List the prime factors of 2442892.
2, 401, 1523
List the prime factors of 485266.
2, 242633
List the prime factors of 7316293.
7316293
List the prime factors of 1203374.
2, 601687
What are the prime factors of 1312432?
2, 11, 7457
List the prime factors of 2810964.
2, 3, 13, 37, 487
What are the prime factors of 163560?
2, 3, 5, 29, 47
What are the prime factors of 4525698?
2, 3, 754283
What are the prime factors of 123102?
2, 3, 7, 977
What are the prime factors of 320353?
11, 29123
What are the prime factors of 1091716?
2, 47, 5807
List the prime factors of 591334.
2, 37, 61, 131
What are the prime factors of 557269?
557269
What are the prime factors of 894689?
894689
What are the prime factors of 7036965?
3, 5, 13, 23, 523
What are the prime factors of 604890?
2, 3, 5, 11, 13, 47
List the prime factors of 2172096.
2, 3, 419
List the prime factors of 23942.
2, 11971
What are the prime factors of 298571?
7, 13, 17, 193
List the prime factors of 1762156.
2, 11, 29, 1381
List the prime factors of 24739367.
593, 41719
What are the prime factors of 6889547?
7, 140603
List the prime factors of 125415.
3, 5, 929
List the prime factors of 1449945.
3, 5, 7, 4603
List the prime factors of 60838.
2, 19, 1601
What are the prime factors of 221516?
2, 79, 701
What are the prime factors of 188958?
2, 3, 7, 11, 409
What are the prime factors of 1286070?
2, 3, 5, 163, 263
What are the prime factors of 712470?
2, 3, 5, 11, 17, 127
List the prime factors of 3294679.
3294679
List the prime factors of 3871441.
7, 11287
What are the prime factors of 30084587?
13, 2314199
List the prime factors of 250505.
5, 50101
List the prime factors of 1359857.
1359857
What are the prime factors of 36112392?
2, 3, 23, 2423
List the prime factors of 9727983.
3, 233, 4639
List the prime factors of 4594153.
59, 77867
What are the prime factors of 1627793?
1627793
List the prime factors of 1109191.
307, 3613
List the prime factors of 456289.
31, 41, 359
What are the prime factors of 34142?
2, 43, 397
List the prime factors of 4013964.
2, 3, 43, 2593
List the prime factors of 1741960.
2, 5, 11, 37, 107
What are the prime factors of 504990?
2, 3, 5, 31, 181
List the prime factors of 6187444.
2, 1546861
List the prime factors of 1678456.
2, 13, 16139
What are the prime factors of 2780534?
2, 401, 3467
List the prime factors of 3232.
2, 101
What are the prime factors of 16223339?
11, 1474849
What are the prime factors of 222545?
5, 47, 947
List the prime factors of 113795.
5, 11, 2069
List the prime factors of 373649.
373649
List the prime factors of 175427.
7, 19, 1319
List the prime factors of 8817120.
2, 3, 5, 13, 157
List the prime factors of 283724.
2, 7, 10133
What are the prime factors of 4641983?
37, 109, 1151
List the prime factors of 935471.
37, 131, 193
What are the prime factors of 211042?
2, 13, 8117
What are the prime factors of 14514485?
5, 2902897
List the prime factors of 5807165.
5, 7, 13, 12763
List the prime factors of 282736.
2, 41, 431
What are the prime factors of 301132?
2, 13, 5791
What are the prime factors of 3531079?
3531079
List the prime factors of 10186719.
3, 3395573
What are the prime factors of 3470160?
2, 3, 5, 19, 761
List the prime factors of 879472.
2, 11, 19, 263
List the prime factors of 450440.
2, 5, 11261
What are the prime factors of 836010?
2, 3, 5, 7, 1327
What are the prime factors of 4165699?
4165699
What are the prime factors of 35708575?
5, 7, 107, 1907
List the prime factors of 5596135.
5, 1119227
What are the prime factors of 3339429?
3, 17, 65479
What are the prime factors of 6509224?
2, 29, 28057
List the prime factors of 1175429.
41, 28669
What are the prime factors of 374309?
13, 28793
What are the prime factors of 7854212?
2, 37, 53069
List the prime factors of 196650.
2, 3, 5, 19, 23
List the prime factors of 1406781.
3, 52103
List the prime factors of 44238.
2, 3, 73, 101
What are the prime factors of 1034646?
2, 3, 172441
What are the prime factors of 23495086?
2, 31, 378953
List the prime factors of 127695.
3, 5, 8513
List the prime factors of 97307.
7, 13901
List the prime factors of 1273217.
11, 283, 409
List the prime factors of 613521.
3, 31, 733
What are the prime factors of 149505?
3, 5, 9967
What are the prime factors of 2080762?
2, 1040381
List the prime factors of 24200852.
2, 13, 223, 2087
What are the prime factors of 245351?
107, 2293
List the prime factors of 1559841.
3, 519947
What are the prime factors of 1329333?
3, 71, 79
List the prime factors of 206043.
3, 173, 397
List the prime factors of 146065.
5, 131, 223
What are the prime factors of 347357?
97, 3581
List the prime factors of 2503615.
5, 500723
List the prime factors of 46338.
2, 3, 7723
List the prime factors of 1104256.
2, 8627
List the prime factors of 288644.
2, 72161
List the prime factors of 468384.
2, 3, 7, 17, 41
List the prime factors of 469519.
127, 3697
List the prime factors of 605967.
3, 19, 10631
What are the prime factors of 3107918?
2, 11, 141269
List the prime factors of 22508762.
2, 1531, 7351
What are the prime factors of 179003?
11, 16273
List the prime factors of 64515.
3, 5, 11, 17, 23
List the prime factors of 9420420.
2, 3, 5, 157007
List the prime factors of 826612.
2, 197, 1049
What are the prime factors of 12777136?
2, 37, 113, 191
List the prime factors of 23110627.
131, 176417
What are the prime factors of 236357?
11, 21487
What are the prime factors of 28069429?
1549, 18121
What are the prime factors of 6068490?
2, 3, 5, 17, 73, 163
What are the prime factors of 2031377?
1303, 1559
What are the prime factors of 28538568?
2, 3, 44041
List the prime factors of 5216314.
2, 17, 153421
List the prime factors of 2629167.
3, 137, 6397
List the prime factors of 154796.
2, 38699
List the prime factors of 149790.
2, 3, 5, 4993
List the prime factors of 18067669.
18067669
What are the prime factors of 324054?
2, 3, 17, 353
What are the prime factors of 24363846?
2, 3, 13, 104119
List the prime factors of 917299.
29, 47, 673
List the prime factors of 464